he remainder when k is divided by 21?
18
Let h = -3 + 15. Calculate the remainder when 22 is divided by 7 - ((-4)/h)/(1/(-9)).
2
Let p = -1 + 9. Let m(h) = -h**3 - h**2 + 6*h - 2. Let z be m(-3). Let b = p + z. Calculate the remainder when 21 is divided by b.
3
Let o(k) = 2*k**2 - 15*k + 19. Calculate the remainder when 915 is divided by o(8).
24
Suppose 2*u + 0*u - 14 = 0. Suppose -j + 4*n = -14 - 1, 17 = 3*j + 2*n. What is the remainder when j is divided by (u/(-3) - -3)*6?
3
Suppose 2*k - 36 = 4*u, 4*u + 4 = 16. Suppose -5*v + 8 = 4*g, v + 1 = 3*g - k. What is the remainder when 26 is divided by g?
5
Let u(m) = m**2 - 10*m + 6. Let h be u(7). Let t = h - -34. Let x = t - 9. What is the remainder when x is divided by 4?
2
Suppose 0 = -2*h + 5*h + 4*t - 34, 0 = 5*h + 5*t - 55. Suppose -h*i + 150 = -7*i. What is the remainder when i is divided by 14?
8
Suppose -2*f = 5*p - f - 48, 0 = -2*p - 3*f + 27. Calculate the remainder when p is divided by (1 + 0)*(1 + 8 - 6).
0
Suppose 230 = 5*w - 4*n, n + 4*n = -5*w + 230. Suppose 2*g - 38 - 10 = 0. Calculate the remainder when w is divided by g.
22
Let m(y) = y**3 + 12*y**2 + 7*y + 56. Calculate the remainder when m(-9) is divided by 80.
76
Let l(r) be the third derivative of -r**4/24 - 5*r**3/6 + 8*r**2. What is the remainder when 6 is divided by l(-7)?
0
Let r = 612 + -553. What is the remainder when r is divided by (-8)/2*(-10)/4?
9
Suppose -232 = 35*t - 43*t. Let r = -38 - -81. Suppose x + r = 5*c, c - 20 = 5*x + 3. What is the remainder when t is divided by c?
5
Let j = 7 + 46. Suppose -16*k = -91 - j. What is the remainder when 31 is divided by k?
4
Let t = -263 - -272. What is the remainder when 52 is divided by t?
7
Suppose -v + 6*v = -2*x + 259, 0 = -4*v - 5*x + 214. Let l(i) = -2*i**2 - 2 + i**2 + 3*i**2 - i. What is the remainder when v is divided by l(3)?
12
Let m(o) = -3*o + 34. Let h(i) = 4*i - 35. Let y(x) = 4*h(x) + 3*m(x). Calculate the remainder when 31 is divided by y(7).
9
Suppose 3363 - 4507 = -8*x. Calculate the remainder when 152 is divided by x.
9
Suppose 0 = -20*w + 29*w - 225. Calculate the remainder when w is divided by 22.
3
Calculate the remainder when 118 is divided by 9 - 8 - 14/(-1).
13
Let o = 967 - 952. Calculate the remainder when 107 is divided by o.
2
Let z(a) = -a**2 - 4*a + 9. Let p be z(-7). Let v(g) = -2*g - 17. What is the remainder when 17 is divided by v(p)?
3
What is the remainder when ((-2464)/24 - -8)/((-1)/9) is divided by 57?
54
Let w = -633 - -767. Calculate the remainder when w is divided by 20.
14
Let s = 3 + 14. Let v = s - 16. What is the remainder when (23 + -6)*(v + 0) is divided by 5?
2
Suppose 0 = -5*v - 2*v + 8*v. Suppose 4*m - 7 = -5*h, v*m - 3*m = 2*h - 7. Suppose -4*k + 7*k - 33 = 0. Calculate the remainder when k is divided by m.
2
Let s be (-4)/(-3) + (-2530)/66. Let d = s - -62. What is the remainder when 35 is divided by d?
10
Suppose 5*r + 32*w - 50 = 37*w, 0 = 4*r + w - 60. Calculate the remainder when 42 is divided by r.
0
Let n = 118 + 13. Let d = -159 + 192. Calculate the remainder when n is divided by d.
32
Let g(c) = -10*c + 10. Suppose 2*l = -14 - 0. Let t = -98 + 125. Calculate the remainder when g(l) is divided by t.
26
Let q(x) = -x**2 - 7*x + 2. Let g(o) = -o**3 - 12*o**2 - 15*o - 10. Suppose -16 = 2*m + 6. Calculate the remainder when g(m) is divided by q(-5).
10
Suppose 14*r = 1454 + 6386. What is the remainder when r is divided by 11?
10
Let n = 50 + -36. Suppose -2*f + 3*t + 25 = 0, 5*t = 5*f + n - 84. What is the remainder when 67 is divided by f?
16
Suppose 22*q - 163 = 629. Calculate the remainder when q is divided by 16.
4
Calculate the remainder when (1 - 91)/(-9) + 1559 is divided by 131.
128
Let g = 139 - -47. What is the remainder when g is divided by 27?
24
Let j be ((-2)/1 - -162) + (-16)/4. Suppose -2*i - 3*i + a = -j, i - 48 = -4*a. Calculate the remainder when 122 is divided by i.
26
Suppose 3*q + l - 37 - 307 = 0, 574 = 5*q + 2*l. Suppose -a - i + 4 = a, a - 5 = i. Suppose 5*c = a*c + q. What is the remainder when c is divided by 15?
12
Let x(u) = -u**3 + 20*u**2 - 2*u + 42. What is the remainder when 35 is divided by x(20)?
1
Let g be 3/12 - (-39)/4. What is the remainder when (9 - g)*(1 + -6) is divided by (0 - (-2)/(-2))*-4?
1
Let a = 639 - 632. Let x(k) = k**2 + 4*k - 1. Let l be x(4). Let t = -19 + l. What is the remainder when t is divided by a?
5
Suppose l = 5*j - 488, -580 = -5*j - 5*l - 80. Calculate the remainder when j is divided by 57.
41
Let v(t) = -t**3 + 8*t**2 + 2*t - 8. Suppose -281*w + 190*w = -1274. What is the remainder when w is divided by v(8)?
6
Let i = -495 - -537. Calculate the remainder when i is divided by 4.
2
Let m = 299 + -225. What is the remainder when 147 is divided by m?
73
Let h(j) = j**2 - 2*j + 12. Let s(x) = x**2 + 6*x - 8. Let n = 14 + -23. What is the remainder when h(6) is divided by s(n)?
17
Suppose 0*z + 469 = 4*z + c, -5*c + 122 = z. Suppose -81 = -6*i + z. Calculate the remainder when ((-407)/i)/(2/(-6)) is divided by 13.
11
Let j = 3773 + -2256. What is the remainder when j is divided by 46?
45
Let r(k) = -k**2 + 22*k - 19. Let c be r(16). Let n = -51 + c. What is the remainder when 76 is divided by n?
24
Let j(l) be the second derivative of l**5/20 - 11*l**4/12 - l**3/6 + 19*l**2/2 - 4*l. Calculate the remainder when 17 is divided by j(11).
1
Suppose 3*g = -3*n + 420, 0 = g + 3*n - 119 - 27. Let z = -3797 + 3817. Calculate the remainder when g is divided by z.
17
Suppose 3*s - 18 + 138 = 0. Let i = 52 + s. What is the remainder when 66*4/24*2 is divided by i?
10
Let l be (-2)/(-1) - 0/1. Suppose 3*v - 3*u - 2*u = 16, 32 = l*v + 2*u. Let g = 2180 + -2147. What is the remainder when g is divided by v?
9
Let j(d) = -5*d - 19. Let h be j(-3). Let q(l) = -l**2 + 7*l + 6. Let s be q(6). Calculate the remainder when 45 is divided by 13 - s/(h*1).
13
Let r = 1679 + -1658. Calculate the remainder when 322 is divided by r.
7
What is the remainder when 3496/18 - 0 - (-30)/(-135) is divided by 13?
12
Suppose 0 = 2*t - 3*q - 42, -3*t + 33 = -5*q - 30. What is the remainder when 77 is divided by t?
14
Suppose 539*u - 5018 = 513*u. Calculate the remainder when 394 is divided by u.
8
Let n(g) = -14*g - 103. Calculate the remainder when n(-11) is divided by 45.
6
Let h(f) = 196*f - 36. What is the remainder when h(1) is divided by 56?
48
Let a(w) = -10*w - 92. What is the remainder when a(-17) is divided by 25?
3
Suppose 2*m = 7*m - 40. Let z be 2 - (2 - 2) - -18. Let v = z - m. What is the remainder when v is divided by 8?
4
Let n(t) = 457 - 3*t**2 + 0*t**3 - 456 - t - t**3. What is the remainder when 7 is divided by n(-3)?
3
Let r be (32/48)/(2/129). Suppose -9*d + 38 = -r. What is the remainder when 49 is divided by d?
4
Let r(i) = -i**2 - 15*i + 35. What is the remainder when r(-12) is divided by 42?
29
Let y be 2/3 + (-1650)/18. What is the remainder when (-6)/39 + (-3108)/y is divided by 7?
6
Let y = 61 + -30. Let f = -28 + y. Suppose -64 = -f*u + 104. What is the remainder when u is divided by 20?
16
Let w = 2251 + -2284. Let s = 47 + -86. Let y = w - s. Calculate the remainder when 10 is divided by y.
4
Suppose -4*a + r + 76 = -3*r, -44 = -2*a - 4*r. Calculate the remainder when 75 is divided by a.
15
Suppose 5928 = -7*q + 59*q. What is the remainder when q is divided by 52?
10
Suppose 12*s - 9*s = -n + 19, 0 = 4*s. Calculate the remainder when 202 is divided by n.
12
Let h(q) = 11*q**3 - 3*q**2 + 2*q + 2. Calculate the remainder when 735 is divided by h(2).
79
Calculate the remainder when 887 is divided by (315 - 93)*(2 - 9/6).
110
Let l(f) = f**2 - 5*f. Let a be l(4). Suppose -n - t - 9 = 0, 3*n - 1 = 4*t + 7. Calculate the remainder when 9 is divided by 5 - n/((-16)/a).
3
Suppose -5*k = -4*n - 258, -5*n = -8*k + 9*k - 69. Calculate the remainder when k is divided by 7.
5
Let l(c) = 0*c**2 + 5*c**3 - 11*c**2 + 4 + 9*c**2. Let p be l(2). Suppose 0 = -s - 3, 5*s + p = 3*k - 0*s. Calculate the remainder when 55 is divided by k.
6
Let v be 51/(-68) - 11/(-4). Suppose 0*p - v*w + 260 = 5*p, 0 = 5*p - w - 275. Suppose i + i = p. Calculate the remainder when 107 is divided by i.
26
Suppose 2*l = -l + 270. Calculate the remainder when 22 is divided by l/(-25)*-10*1/3.
10